1 + -11?
101100000
In base 14, what is d + -83?
-74
In base 4, what is 1021 - 2?
1013
In base 14, what is -2 + -118?
-11a
In base 3, what is -10 - 2110020?
-2110100
In base 9, what is -7 + 51?
43
In base 5, what is -322 + 3?
-314
In base 10, what is 185 - 0?
185
In base 5, what is -1 + 3223?
3222
In base 2, what is 10 - -100000000?
100000010
In base 14, what is -dd - 5?
-104
In base 5, what is -1034 + -31?
-1120
In base 10, what is 22 - -9?
31
In base 4, what is -3222 + 11?
-3211
In base 10, what is -2049 + -1?
-2050
In base 15, what is -5 + 1009?
1004
In base 4, what is -2131 - -123?
-2002
In base 4, what is 1102232 + -10?
1102222
In base 6, what is -150310 - 2?
-150312
In base 5, what is -1443 + 4?
-1434
In base 16, what is 4f + -4?
4b
In base 4, what is 200 - 12?
122
In base 13, what is 1c2 + 25?
217
In base 7, what is -1332 + 1?
-1331
In base 5, what is -1330 - 10?
-1340
In base 16, what is -4 + 152?
14e
In base 6, what is 115 - -32?
151
In base 10, what is 2 + 15?
17
In base 5, what is 11 - 31?
-20
In base 5, what is -143 + -4?
-202
In base 4, what is -11 + 30132?
30121
In base 11, what is 1 - -a?
10
In base 15, what is 1 + 759?
75a
In base 15, what is 4a9 - -1?
4aa
In base 2, what is 100 - 111011010?
-111010110
In base 16, what is 5c + 109?
165
In base 4, what is -22 - 331?
-1013
In base 15, what is -5 - 7d?
-83
In base 15, what is 5 - -12?
17
In base 13, what is -1cb + -5?
-203
In base 3, what is -100 - -2101110?
2101010
In base 10, what is 23 - 25?
-2
In base 12, what is 15 - -9?
22
In base 12, what is -5 - 95?
-9a
In base 7, what is 5 - -110?
115
In base 14, what is 1a - -55?
71
In base 15, what is -19 + 14?
-5
In base 3, what is 11 - 101210?
-101122
In base 6, what is 204 + 34?
242
In base 10, what is 77 + 1?
78
In base 11, what is 5 - -507?
511
In base 12, what is 0 - 1?
-1
In base 12, what is -4 - 1b?
-23
In base 12, what is 8b + 10?
9b
In base 16, what is -c + -5c?
-68
In base 15, what is 4 - -32?
36
In base 8, what is 176 + -36?
140
In base 10, what is 0 + -1051?
-1051
In base 8, what is 56 + 4?
62
In base 8, what is 6 + 63?
71
In base 4, what is -10 - -313310?
313300
In base 16, what is 4 + -3e?
-3a
In base 13, what is 1 + 140?
141
In base 10, what is -14 + 4?
-10
In base 10, what is 676 - -6?
682
In base 7, what is -103 - 43?
-146
In base 4, what is 3 + 3?
12
In base 4, what is -10 - 10011?
-10021
In base 15, what is 3619 + -3?
3616
In base 5, what is -1 + -430?
-431
In base 13, what is -3 + 37b?
378
In base 13, what is -65 - 5?
-6a
In base 4, what is 32 - 300?
-202
In base 13, what is -23c + -5?
-244
In base 16, what is -d + 22c?
21f
In base 7, what is 624 - 23?
601
In base 12, what is 1b8 - -3?
1bb
In base 12, what is -1b5 - 0?
-1b5
In base 8, what is -104 - -1?
-103
In base 13, what is -b - -4?
-7
In base 2, what is 100111 - 1111011?
-1010100
In base 5, what is 120 + -11?
104
In base 8, what is 57 - -2?
61
In base 7, what is -36664 + -5?
-40002
In base 13, what is -3 - -a?
7
In base 3, what is 2102 - 1?
2101
In base 7, what is -1243 - -1?
-1242
In base 10, what is -7 - -2318?
2311
In base 16, what is -1 - 67?
-68
In base 4, what is -3 + 232?
223
In base 3, what is -10 + 1221212?
1221202
In base 11, what is 15 - 3?
12
In base 5, what is 14 + -22?
-3
In base 10, what is -1 - 21?
-22
In base 10, what is -667 - 3?
-670
In base 2, what is -110 + 11011?
10101
In base 12, what is 2 - 69?
-67
In base 9, what is -23 + 26?
3
In base 10, what is 584 + -3?
581
In base 8, what is -4 - -147?
143
In base 3, what is -102 + -11121?
-12000
In base 6, what is -45 - 24?
-113
In base 2, what is 101 + -101011?
-100110
In base 7, what is -10 - -622?
612
In base 13, what is 74 + -19?
58
In base 6, what is -3400 - -1?
-3355
In base 6, what is -3020 + 5?
-3011
In base 5, what is 1243420 + -4?
1243411
In base 7, what is -65 - 243?
-341
In base 12, what is 9 - a7?
-9a
In base 14, what is -24 - 1?
-25
In base 2, what is 101000111110 + 101?
101001000011
In base 14, what is 4 + 19?
1d
In base 15, what is -11 + -269?
-27a
In base 2, what is 1001101000 + 100?
1001101100
In base 9, what is 25 - 73?
-47
In base 15, what is -3 - 70?
-73
In base 9, what is 0 - -1801?
1801
In base 9, what is -1 + 1110?
1108
In base 9, what is -12 - -34?
22
In base 9, what is 331 - -146?
477
In base 12, what is 5 + a08?
a11
In base 14, what is 41 + -a?
35
In base 12, what is 6 - 80?
-76
In base 2, what is 101100110010 - 10?
101100110000
In base 12, what is -311 + 19?
-2b4
In base 9, what is 15 - 0?
15
In base 12, what is -66 + -5?
-6b
In base 16, what is -32a - 1?
-32b
In base 2, what is 111011 - -100000101?
101000000
In base 14, what is 1 + -d63?
-d62
In base 2, what is -1101 - -11?
-1010
In base 13, what is -110 - 2?
-112
In base 15, what is -6 + 40c?
406
In base 15, what is 0 + 4c?
4c
In base 15, what is 4 - -1e96?
1e9a
In base 4, what is -11 + -1201?
-1212
In base 4, what is 1031 + 1132?
2223
In base 6, what is -41 + 315?
234
In base 7, what is 6 - -4?
13
In base 9, what is 3584 - -1?
3585
In base 7, what is -5 - -122?
114
In base 2, what is -11 + -10101?
-11000
In base 9, what is -81486 - 5?
-81502
In base 8, what is -203 - 64?
-267
In base 13, what is 1 - c6?
-c5
In base 16, what is -10b + -4?
-10f
In base 16, what is b7f - -6?
b85
In base 13, what is -1 - -19?
18
In base 11, what is -1a + 807?
798
In base 7, what is 2 - -2254?
2256
In base 11, what is -823 + 4?
-81a
In base 12, what is -38 + -9?
-45
In base 4, what is 10 - 20231?
-20221
In base 2, what is 10100 + -11001?
-101
In base 11, what is 56993 + 0?
56993
In base 14, what is -d22 - 2?
-d24
In base 6, what is -2 + 1?
-1
In base 14, what is 196 - a?
18a
In base 15, what is -181 + a?
-176
In base 6, what is 2 - -434?
440
In base 12, what is -26 + 3?
-23
In base 11, what is 7 + -13?
-7
In base 8, what is -24 + -3?
-27
In base 14, what is -3c + 5?
-37
In base 11, what is 4 + -436?
-432
In base 10, what is 2 - 74?
-72
In base 9, what is -2 + -22?
-24
In base 14, what is -23a9 - -3?
-23a6
In base 10, what is -41 - -23?
-18
In base 11, what is -1 + -41?
-42
In base 5, what is -32 + -112?
-144
In base 6, what is -1 - 520?
-521
In base 4, what is -3 + 11330?
11321
In base 16, what is -b - -20b?
200
In base 16, what is 87 + -2?
85
In base 9, what is 183 - -5?
188
In base 10, what is 296 - 7?
289
In base 6, what is -4 + 31105?
31101
In base 10, what is -9 - -167?
158
In base 6, what is 223 - -4?
231
In base 7, what is 52 + -45?
4
In base 9, what is -6 - -1551?
1544
In base 13, what is 3 - -372?
375
In base 13, what is a + -76?
-69
In base 14, what is d8 + 48?
142
In base 16, what is -a - 15?
-1f
In base 4, what is 21 - 2?
13
In base 12, what is 6 + 196?
1a0
In base 11, what is -18784 + 0?
-18784
In base 2, what is 1011000101 + -1?
1011000100
In base 14, what is -11a - -3?
-117
In base 4, what is -20 + -123?
-203
In base 6, what is 4 - -22441?
22445
In base 8, what is -1 + -1032?
-1033
In base 14, what is 6 - -29?
31
In base 14, what is 5 + 56?
5b
In base 3, what is 120 + 10?
200
In base 4, what is -3001310 + 10?
-3001300
In base 5, what is -121 + 11310?
11134
In base 7, what is 41 - -32?
103
In base 13, what is -1192 - 3?
-1195
In base 7, what is 434 + -21?
413
In base 6, what is -4 - -220?
212
In base 11, what is 3 + 101?
104
In base 15, what is -3973 + 3?
-3970
In base 13, what is 1 + 2305?
2306
In base 15, what is 2b4 - 1?
2b3
In base 9, what is -242 - 3?
-245
In base 12, what is -2a - 8?
-36
In base 4, what is -1302 + -1?
-1303
In base 9, what is -2851 - -5?
-2845
In base 14, what is 1786 + -1?
1785
In base 13, what is 201 - -b?
20c
In base 16, what is -828 - 3?
-82b
In base 5, what is 10 + -241?
-231
In base 7, what is -210 - -1?
-206
In base 2, what is -100000 + -1000111?
-1100111
In base 2, what is 101011 + -10?
101001
In base 6, what is -3 - 500?
-503
In base 8, what is -6 + 1?
-5
In base 10, what is -61 - 4?
-65
In base 6, what is -13335 - 5?
-13344
In base 16, what is -4 + 20cc?
20c8
In base 16, what is 9 + 5?
e
In base 3, what is 1021 - -1220?
10011
In base 16, what is 72 - -4?
76
In base 6, what is -4310 - -11?
-4255
In base 9, what is 352 - 3?
348
In base 8, what is -3771 - -1?
-3770
In base 7, what is 2102 - -35?
2140
In base 4, what is 102131 - -11?
102202
In base 5, what is 10 + 142304?
142314
In base 16, w